{"id":4194,"date":"2018-12-05T11:51:36","date_gmt":"2018-12-05T10:51:36","guid":{"rendered":"https:\/\/kundalini-reiki-healing.net\/?post_type=product&#038;p=4194"},"modified":"2025-11-21T18:28:55","modified_gmt":"2025-11-21T17:28:55","slug":"pendolino-in-diaspro-dalmata","status":"publish","type":"product","link":"https:\/\/wolfchorus.net\/krh\/prodotto\/pendolino-in-diaspro-dalmata\/","title":{"rendered":"Pendolino in Diaspro Dalmata a forma piramidale"},"content":{"rendered":"<h6 style=\"text-align: justify;\">Pendolino in Diaspro Dalmata lunghezza 4 cm. con catenina argentata lunghezza 16 cm.<\/h6>\n<\/p>\n<p style=\"text-align: justify;\">ISTRUZIONI PER L&#8217;USO DEL PENDOLO<\/p>\n<p style=\"text-align: justify;\">Tieni il pendolo tra pollice e indice col gomito leggermente piegato verso il fianco. Usa la mano che ti \u00e8 pi\u00f9 comoda. Rilassati! \u00c8 importante lasciare che le vibrazioni naturali del tuo corpo passino attraverso la mano al pendolo. Il funzionamento del pendolo \u00e8 simile a quello del test kinesiologico: il tuo subconscio sa cosa devi sapere. Il pendolo ti mostrer\u00e0 la risposta convogliando e amplificando le tenui vibrazioni del tuo subconscio e oscillando di conseguenza! Puoi fare qualsiasi domanda per ottenere risposte binarie (s\u00ec\/no).<\/p>\n<p style=\"text-align: justify;\"><strong>Chiedi al pendolo di mostrarti la risposta affermativa.<\/strong> Una volta assunta la postura adeguata, poni al pendolo la seguente domanda: &#8220;Mostrami un s\u00ec per favore&#8221;. Aspetta pazientemente, potrebbero essere necessari alcuni secondi. Il pendolo inizier\u00e0 ad oscillare in una direzione seguendo una traiettoria circolare o lineare. Questo \u00e8 il movimento che per te indica il &#8220;s\u00ec&#8221;.<\/p>\n<p style=\"text-align: justify;\"><strong>Ripeti la procedura per la risposta negativa<\/strong><\/p>\n<p style=\"text-align: justify;\"><strong>Fai qualche semplice domanda di verifica, <\/strong>ad esempio &#8220;Il mio nome \u00e8 (inserisci il tuo nome)?&#8221; oppure &#8220;Sono una donna?&#8221;. Se hai pronunciato il tuo nome o se sei di sesso femminile, il pendolo inizier\u00e0 ad ondeggiare secondo il movimento previsto per il &#8220;s\u00ec&#8221;.<\/p>\n<p style=\"text-align: justify;\">CONSIGLI IMPORTANTI<\/p>\n<p style=\"text-align: justify;\">Il pendolo pu\u00f2 fornirti una seconda opinione interpretando la tua energia e non dovrebbe essere toccato da altri che potrebbero trasmettergli le proprie vibrazioni e ridurne di conseguenza l&#8217;affidabilit\u00e0. Tieni il pendolo con te il pi\u00f9 possibile durante le prime 3 settimane per far s\u00ec che assorba le tue energie. Poni al pendolo domande semplici che ti aiutino a consolidare la tua fiducia nelle risposte. Il pendolo imparer\u00e0 a vibrare con te all&#8217;interno del tuo campo energetico. Per purificare il pendolo esponilo al chiaro di luna, evita di immergerlo in acqua salata.<\/p>\n<p style=\"text-align: justify;\">Alcuni ottengono risultati migliori tenendo il pendolo 2-3 cm. sopra il palmo aperto della mano opposta, per attivare i canali energetici e creare un circuito di bio-feedback, consentendo all&#8217;energia di fluire pi\u00f9 liberamente. Se il pendolo stenta a muoversi prova ad aprire e chiudere le mani un paio di volte per attivare i chakra delle mani. Libera la mente da dubbi e preconcetti sull&#8217;esito della domanda in modo che la risposta non sia confusa dai tuoi stessi pensieri.<\/p>\n<p style=\"text-align: justify;\">&#8220;Resetta&#8221; l&#8217;energia dal pendolo dopo ogni domanda semplicemente abbassando la punta per un momento sulla tua mano o su un&#8217;altra superficie. Questo indica che la tua domanda ha avuto risposta e che sei pronto per la prossima. Usa questa tecnica frequentemente, specialmente se le tue risposte sembrano confuse.<\/p>\n<p style=\"text-align: justify;\">UTILIZZI SUGGERITI PER IL PENDOLO:<\/p>\n<p style=\"text-align: justify;\">Il pendolo risponder\u00e0 a qualsiasi domanda con un &#8220;s\u00ec&#8221; o con un &#8220;no&#8221; quindi \u00e8 importante strutturare correttamente le domande. Esempio: &#8220;Trover\u00f2 un nuovo lavoro?&#8221;, questa domanda \u00e8 strutturata correttamente in quanto la risposta pu\u00f2 essere &#8220;s\u00ec&#8221; o &#8220;no&#8221;. Una domanda del tipo: &#8220;Dovrei mantenere questo lavoro o lasciarlo?&#8221; non si presta a risposte del tipo s\u00ec o no. Per ottenere una risposta chiara \u00e8 meglio riformulare la domanda come segue: &#8220;Devo mantenere questo lavoro?&#8221; o &#8220;Devo lasciare questo lavoro?&#8221;.<\/p>\n<p style=\"text-align: justify;\">Puoi tenere il pendolo su qualsiasi oggetto per determinare un intervallo di risposte. Ad esempio, tieni il pendolo sul cibo per determinare se \u00e8 adatto a te (o ad altri).<\/p>\n<p style=\"text-align: justify;\">Quando devi scegliere tra un certo numero di opzioni usa un elenco o un grafico. Disegna un cerchio o un semicerchio con un raggio di 10 &#8211; 15 cm. Contrassegna le scelte come gradi sul cerchio. Tieni il pendolo al centro, l&#8217;oscillazione del pendolo si allineer\u00e0 con l&#8217;apposita sezione del grafico. Questa tecnica pu\u00f2 essere utilizzata per scegliere integratori vitaminici, tisane, colori o pietre da indossare, ecc.\u00a0Se devi determinare la data pi\u00f9 adatta per fare qualcosa, usa il pendolo su un calendario. Tieni il pendolo su ogni data del mese e attendi che il pendolo ti mostri la risposta. Man mano che diventi esperto nell\u2019utilizzo del pendolo le tue risposte diventeranno quasi istantanee.<\/p>\n<p style=\"text-align: justify;\">\n","protected":false},"excerpt":{"rendered":"<p>Pendolino in Diaspro Dalmata lunghezza 4 cm. con catenina argentata lunghezza 16 cm. ISTRUZIONI PER L&#8217;USO DEL PENDOLO Tieni il pendolo tra pollice e indice col gomito leggermente piegato verso il fianco. Usa la mano che ti \u00e8 pi\u00f9 comoda. Rilassati! \u00c8 importante lasciare che le vibrazioni naturali del tuo corpo passino attraverso la mano al pendolo. Il funzionamento del pendolo \u00e8 simile a quello del test kinesiologico: il tuo subconscio sa cosa devi sapere. Il pendolo ti mostrer\u00e0 la risposta convogliando e amplificando le tenui vibrazioni del tuo subconscio e oscillando di conseguenza! Puoi fare qualsiasi domanda per ottenere risposte binarie (s\u00ec\/no). Chiedi al pendolo di mostrarti la risposta affermativa. Una volta assunta la postura adeguata, poni al pendolo la seguente domanda: &#8220;Mostrami un s\u00ec per favore&#8221;. Aspetta pazientemente, potrebbero essere necessari alcuni secondi. Il pendolo inizier\u00e0 ad oscillare in una direzione seguendo una traiettoria circolare o lineare. Questo \u00e8 il movimento che per te indica il &#8220;s\u00ec&#8221;. Ripeti la procedura per la risposta negativa Fai qualche semplice domanda di verifica, ad esempio &#8220;Il mio nome \u00e8 (inserisci il tuo nome)?&#8221; oppure &#8220;Sono una donna?&#8221;. Se hai pronunciato il tuo nome o se sei di sesso femminile, il pendolo inizier\u00e0 ad ondeggiare secondo il movimento previsto per il &#8220;s\u00ec&#8221;. CONSIGLI IMPORTANTI Il pendolo pu\u00f2 fornirti una seconda opinione interpretando la tua energia e non dovrebbe essere toccato da altri che potrebbero trasmettergli le proprie vibrazioni e ridurne di conseguenza l&#8217;affidabilit\u00e0. Tieni il pendolo con te il pi\u00f9 possibile durante le prime 3 settimane per far s\u00ec che assorba le tue energie. Poni al pendolo domande semplici che ti aiutino a consolidare la tua fiducia nelle risposte. Il pendolo imparer\u00e0 a vibrare con te all&#8217;interno del tuo campo energetico. Per purificare il pendolo esponilo al chiaro di luna, evita di immergerlo in acqua salata. Alcuni ottengono risultati migliori tenendo il pendolo 2-3 cm. sopra il palmo aperto della mano opposta, per attivare i canali energetici e creare un circuito di bio-feedback, consentendo all&#8217;energia di fluire pi\u00f9 liberamente. Se il pendolo stenta a muoversi prova ad aprire e chiudere le mani un paio di volte per attivare i chakra delle mani. Libera la mente da dubbi e preconcetti sull&#8217;esito della domanda in modo che la risposta non sia confusa dai tuoi stessi pensieri. &#8220;Resetta&#8221; l&#8217;energia dal pendolo dopo ogni domanda semplicemente abbassando la punta per un momento sulla tua mano o su un&#8217;altra superficie. Questo indica che la tua domanda ha avuto risposta e che sei pronto per la prossima. Usa questa tecnica frequentemente, specialmente se le tue risposte sembrano confuse. UTILIZZI SUGGERITI PER IL PENDOLO: Il pendolo risponder\u00e0 a qualsiasi domanda con un &#8220;s\u00ec&#8221; o con un &#8220;no&#8221; quindi \u00e8 importante strutturare correttamente le domande. Esempio: &#8220;Trover\u00f2 un nuovo lavoro?&#8221;, questa domanda \u00e8 strutturata correttamente in quanto la risposta pu\u00f2 essere &#8220;s\u00ec&#8221; o &#8220;no&#8221;. Una domanda del tipo: &#8220;Dovrei mantenere questo lavoro o lasciarlo?&#8221; non si presta a risposte del tipo s\u00ec o no. Per ottenere una risposta chiara \u00e8 meglio riformulare la domanda come segue: &#8220;Devo mantenere questo lavoro?&#8221; o &#8220;Devo lasciare questo lavoro?&#8221;. Puoi tenere il pendolo su qualsiasi oggetto per determinare un intervallo di risposte. Ad esempio, tieni il pendolo sul cibo per determinare se \u00e8 adatto a te (o ad altri). Quando devi scegliere tra un certo numero di opzioni usa un elenco o un grafico. Disegna un cerchio o un semicerchio con un raggio di 10 &#8211; 15 cm. Contrassegna le scelte come gradi sul cerchio. Tieni il pendolo al centro, l&#8217;oscillazione del pendolo si allineer\u00e0 con l&#8217;apposita sezione del grafico. Questa tecnica pu\u00f2 essere utilizzata per scegliere integratori vitaminici, tisane, colori o pietre da indossare, ecc.\u00a0Se devi determinare la data pi\u00f9 adatta per fare qualcosa, usa il pendolo su un calendario. Tieni il pendolo su ogni data del mese e attendi che il pendolo ti mostri la risposta. Man mano che diventi esperto nell\u2019utilizzo del pendolo le tue risposte diventeranno quasi istantanee.<\/p>\n","protected":false},"featured_media":34888,"comment_status":"closed","ping_status":"closed","template":"","meta":[],"product_brand":[],"product_cat":[183],"product_tag":[182],"class_list":{"0":"post-4194","1":"product","2":"type-product","3":"status-publish","4":"has-post-thumbnail","6":"product_cat-pendolini","7":"product_tag-pendolini","9":"first","10":"instock","11":"shipping-taxable","12":"purchasable","13":"product-type-simple"},"acf":[],"_links":{"self":[{"href":"https:\/\/wolfchorus.net\/krh\/wp-json\/wp\/v2\/product\/4194","targetHints":{"allow":["GET"]}}],"collection":[{"href":"https:\/\/wolfchorus.net\/krh\/wp-json\/wp\/v2\/product"}],"about":[{"href":"https:\/\/wolfchorus.net\/krh\/wp-json\/wp\/v2\/types\/product"}],"replies":[{"embeddable":true,"href":"https:\/\/wolfchorus.net\/krh\/wp-json\/wp\/v2\/comments?post=4194"}],"wp:featuredmedia":[{"embeddable":true,"href":"https:\/\/wolfchorus.net\/krh\/wp-json\/wp\/v2\/media\/34888"}],"wp:attachment":[{"href":"https:\/\/wolfchorus.net\/krh\/wp-json\/wp\/v2\/media?parent=4194"}],"wp:term":[{"taxonomy":"product_brand","embeddable":true,"href":"https:\/\/wolfchorus.net\/krh\/wp-json\/wp\/v2\/product_brand?post=4194"},{"taxonomy":"product_cat","embeddable":true,"href":"https:\/\/wolfchorus.net\/krh\/wp-json\/wp\/v2\/product_cat?post=4194"},{"taxonomy":"product_tag","embeddable":true,"href":"https:\/\/wolfchorus.net\/krh\/wp-json\/wp\/v2\/product_tag?post=4194"}],"curies":[{"name":"wp","href":"https:\/\/api.w.org\/{rel}","templated":true}]}}